-88*m - 392. What is the hundreds digit of t(-22)?
5
Let n(p) = 2*p**3 - 12*p**2 + 14*p - 19. Let q be n(8). Suppose 3*g - 4*g + 3*u = -157, -2*g - u = -q. What is the hundreds digit of g?
1
Let n(w) = 3*w**2 - 19*w - 136. What is the hundreds digit of n(-12)?
5
Let b = 11 - 0. Suppose -m = g + 7, 4*m - b - 41 = 4*g. Let w = g + 19. What is the units digit of w?
9
Let g(y) be the first derivative of -27*y**2/2 - 25*y + 14. What is the tens digit of g(-5)?
1
Suppose -11*y + 5*y = 378. Let j = y + 109. What is the tens digit of j?
4
Let k(c) be the second derivative of 0 + 2*c**2 + 1/12*c**4 + 1/3*c**3 + 5*c. What is the units digit of k(-3)?
7
Let a = -21 + 14. Let q = -8 - a. What is the tens digit of (2 + -4 - 23)/q?
2
Let j(x) = -9*x**3 - 2*x**2 - 2*x - 1. Let p(f) = f**3 + 10*f**2 + 1. Let a be p(-10). Suppose 0*o = -o - a. What is the units digit of j(o)?
8
Let r(n) = -n**2 - 8*n - 5. Let z be r(-7). Suppose -d + z*d = 76. What is the tens digit of d?
7
Let o(s) = -205*s - 832. What is the thousands digit of o(-24)?
4
Let h(l) = -4*l**2 + 10. Let t(c) = -5*c**2 - c + 11. Let v(y) = 7*h(y) - 6*t(y). Let s be v(-5). Suppose 0 = 3*f - 102 + s. What is the tens digit of f?
2
Let u = 37 - 33. Suppose -2*l = -p - 103, u*l - p - 211 = -4*p. What is the tens digit of l?
5
Let g(i) = i**2 + 3*i - 1. Let h be g(-5). Suppose w + 680 = h*w. What is the tens digit of w?
8
Let m(t) = 2*t**3 - 19*t**2 + 60. What is the tens digit of m(13)?
4
Suppose 4*p - 2 = -3*d + 54, 3*p - 2*d = 42. Let m be (-4)/(-14) + 626/p. Suppose 5*a - m = 105. What is the tens digit of a?
3
Let g be (2 - 3)*(-1 - 4). Suppose 2 = -g*z + 72. Let d = -10 + z. What is the units digit of d?
4
Let x(p) = -25*p. What is the tens digit of x(-7)?
7
What is the tens digit of (-36)/(-2*(-2)/(-92))?
2
Let b be 4 - 12/4 - -3. What is the hundreds digit of -201*(32/(-12))/b?
1
Let n(l) = 4*l - 217. Let t be n(0). Let m = t - -418. What is the hundreds digit of m?
2
Let w(z) = z - 1. Let q(j) = 2*j - 11. Let o be q(6). Let s be w(o). Suppose s = -3*l + l + 4. What is the units digit of l?
2
Let t = 7 - 12. Let n = t - 2. Let u = 2 - n. What is the units digit of u?
9
Suppose -3*o - 21 + 141 = 0. What is the tens digit of o?
4
Let g be (2 - 3) + (46 - -3). Let t = 4 + g. What is the tens digit of t?
5
Let h(o) = o**3 + o - 5. Let f be h(0). Let g(c) = -c**3 + c**2 + c + 20. What is the units digit of g(f)?
5
Suppose 2*d - 2*t - 6 = 0, -4*d + 0*t - 4*t = -4. Suppose 5*b = 20, d*b - 1018 = -3*r + 1018. What is the units digit of r/14 + 2/(-7)?
8
Suppose 206*g + 348 = 208*g. What is the units digit of g?
4
Suppose -9*x + 5606 + 1972 = 0. What is the hundreds digit of x?
8
Suppose 4*n = 2*f + 12888, 0 = -3*n - 2*f + 5*f + 9672. What is the thousands digit of n?
3
Suppose 4*p + 5*k - 2451 - 1226 = 0, 5*k = -p + 908. What is the tens digit of p?
2
Let j = 2447 + -598. What is the units digit of j?
9
Let w = 19 + -34. Suppose -4*n - 28 = 5*g, -5*n + g = -g + 68. Let u = n - w. What is the units digit of u?
3
Let m(z) = 0*z + 8*z - 3 + z**2 - 3*z - 1. Let h be m(-6). Suppose -2*u = 5*q - 27, -h*u + 2*q = -10 - 10. What is the tens digit of u?
1
Let j(m) = -m**2 - 11. Let o be j(0). Let q = 15 + o. Let t = 16 - q. What is the units digit of t?
2
Suppose -26456 = -487*b + 479*b. What is the tens digit of b?
0
Let m = 423 - 300. What is the units digit of m?
3
Let s = 21 + -24. What is the tens digit of 2 - (104/s + (-1)/3)?
3
Suppose -2*n + n + 364 = -4*y, -n - 4*y = -348. Suppose -n = -52*f + 50*f. What is the hundreds digit of f?
1
Let i(o) = o**3 + 9*o**2 + 13*o - 2. Let q be i(-5). Let x(s) = -s + q*s + 3 + s. What is the tens digit of x(1)?
3
Let f(k) = 2*k**3 - 2*k**2 + 4*k - 4. Let r be f(4). Suppose 102 = 8*n - 3*n - 2*v, -4*n = 5*v - r. What is the units digit of n?
2
What is the tens digit of (-8324)/(-36) + 0 + 6/(-27)?
3
What is the units digit of 8/2*5468/8?
4
What is the hundreds digit of 1415 + -3*3/9?
4
Let p be 258/4*44/33. Suppose -p = -n - 27. What is the units digit of n?
9
Let p(l) = -20*l + 2. Suppose 8 = -2*h - 3*m, -m = 3*m + 8. What is the tens digit of p(h)?
2
Let h(a) = a**3 + 9*a**2 + 2*a - 6. Suppose 2*s + 11 = 5*z, -4*z + 12 = s - 3*s. What is the units digit of h(s)?
2
Let l(j) = 3*j**2 - 10*j - 19. Let t be l(-2). Let g(u) = -6*u - 16. Let p(i) = -i + 1. Let z(x) = -g(x) + 5*p(x). What is the units digit of z(t)?
4
Suppose 3*b + 2232 = -2*l, -l - 1126 = -0*b - b. What is the tens digit of 8/40 + l/(-15)?
7
Let q(b) = 4*b + 247. What is the units digit of q(24)?
3
Suppose 0 = -4*y + 4*p - 3*p + 70, p = y - 16. Let c = -16 + y. What is the units digit of (-9)/(-6) - (-117)/c?
0
Suppose 5*a + 7 = 17. Let d(i) = 2 + 1 - i + 18*i**a + 0*i - 2. What is the units digit of d(1)?
8
Let n(j) = j**3 + 19*j**2 - 12*j - 36. What is the thousands digit of n(-11)?
1
Suppose -2*p + 3*p = 5*o - 1344, 2*p = 3*o - 812. What is the units digit of o?
8
Let v(m) = m**3 + 31*m**2 + 29*m + 26. What is the units digit of v(-30)?
6
Let k = -9 - -11. Suppose -3*q = -5*r - 38, -2*q + 35 = q - k*r. Suppose -5*u + 12 + 39 = y, -y + q = -3*u. What is the units digit of y?
6
Let k(j) = -6 + 7*j + 7*j - 13*j. Let h be k(7). Let w(x) = 35*x. What is the tens digit of w(h)?
3
Suppose 9 = -9*w + 10*w. Let p = w + -21. What is the tens digit of (-21)/((-3)/p*-6)?
1
What is the units digit of 57/(-133) - (-563)/7?
0
Suppose -5*w + 4*f = -1000, 600 = 4*w - w + 3*f. Suppose 13*h - w = 18*h. Let s = h - -86. What is the tens digit of s?
4
Let n = -21 + 36. Suppose -5*y + n + 0 = 0. Suppose y*r + 45 = 8*r. What is the units digit of r?
9
Suppose -2*u = -3*u + 3*u. Suppose -s + 228 = -u*s + 5*r, -r = 0. What is the hundreds digit of s?
2
Suppose -5*t + 8*t = 24. What is the units digit of (-3 + 5)/(t/300)?
5
Let r(o) = 5*o**2 + 4*o + 83. What is the tens digit of r(12)?
5
Suppose -3*f + 1113 = -135. What is the units digit of -3*(-3)/9 - f/(-4)?
5
Let x be (21 - 22) + 2*91. Suppose 4*n + 267 = -x. What is the units digit of (n - -2)*(-6)/12?
5
Suppose -2*q - 4*k = -8, -3*q + 5*k - 10 = -5*q. Suppose -372 = -q*c - 6*c. What is the tens digit of c?
6
Suppose -3*p + 12 = -1203. What is the tens digit of p?
0
Let q(r) = 14*r - 32. Suppose 5 = -6*p + 47. What is the units digit of q(p)?
6
Suppose -y - 5*c = -7, 0 = 4*y + 5*c - 4 - 9. Let l be (-242)/6 - y/(-6). What is the units digit of (-2)/9 - l/18?
2
Suppose 3*w + 3 = 0, -2*f - w = -4*w - 9. Let v be f + (-4)/(-12)*0. Suppose v*g = 17 + 55. What is the tens digit of g?
2
Let l be -2 + 21 - (1 + -1). Let y(f) = -f**2 + 5*f + 8. Let o be y(4). Let u = l - o. What is the units digit of u?
7
Suppose -4*h - 288 = 228. Let c = h - -207. What is the tens digit of c?
7
Let s(f) = 21*f + 14. Let x be s(10). Suppose v + x = 5*v. What is the tens digit of v?
5
Let o be ((-2)/(-3))/(18/81). Let v(l) = 2*l**2 - 4*l - 1. Let j be v(o). Suppose -z + j*z - 56 = 0. What is the units digit of z?
4
Let m(l) = l**3 - 3*l**2 - 9*l - 49. What is the tens digit of m(11)?
2
Let k = 129 + -125. What is the units digit of k + (-2)/((-8)/180)?
9
Suppose -170 = 5*g - 2*x, 0 = -2*g - 2*x - 85 + 17. Let i = g - -16. What is the tens digit of (0 - i) + 4 - -1?
2
Let m = -2813 + 7553. What is the units digit of m?
0
Suppose b = -4*a - 3, -3*b - 2*b = 2*a + 15. Suppose k + 7 - 56 = a. What is the units digit of k?
9
Suppose -4*g + 11 + 10 = l, -2*g - l = -9. Suppose 35 = -g*d + 7*d. Let a = d + -23. What is the tens digit of a?
1
Suppose 0 = 4*n - n + 162. Suppose 6*f + 5*y = 101, f + 0*f - 4*y - 12 = 0. What is the units digit of n/(12/f*-2)?
6
Suppose -21*n = -4*n - 15878. What is the tens digit of n?
3
Suppose -s - 1820 = -8*s. What is the hundreds digit of s?
2
Let f(r) = 2*r - 99. Let l be f(0). Let i = 175 + l. What is the tens digit of i?
7
Suppose 0 = 18*k + 7443 - 35055. What is the hundreds digit of k?
5
Let t = -1319 + 2363. What is the thousands digit of t?
1
Suppose 9403 = 4*q + 2047. Let p = q - 924. What is the tens digit of p/35 + 2/(-14)?
2
Let n(l) = -l**3 - 8*l**2 + 3*l + 7. Let y be n(-8). Let q = y + 22. Suppose -q*p = -6*p + 23. What is the units digit of p?
3
Let b(s) = 3*s**2 - 9. Let m(y) = y**2 - 4. Let h(l) = 3*b(l) - 7*m(l). What is the tens digit of h(-3)?
1
Let o